the second derivative of q(j). Calculate p(-3).
10
Let x(h) = 4*h**3 - h**2 - h + 1. Let t be x(1). Suppose 4*y = 13*z - 18*z - 10, -t*y + z = 17. Let v(m) = m**3 + 6*m**2 + m + 1. Calculate v(y).
21
Let k(f) = -3*f**2 - 6*f + 6. Let b(a) = 8 - 6*a + 7 - 4*a**2 - 4 - 4. Let n(q) = -2*b(q) + 3*k(q). Suppose 18*o = 20*o + 12. Determine n(o).
4
Suppose -134*j - 3*s - 21 = -131*j, 3*j - 3 = s. Let g(z) = 15*z**2 - z. What is g(j)?
16
Let u(k) be the third derivative of -k**6/40 + k**5/30 + k**4/12 + k**3/6 + 10*k**2. Let y be (-51)/18 - 7/42. Let g be y*4/(-6) + (-9)/3. Determine u(g).
4
Let i = 342 - 340. Let g(a) = 55*a**2 - a + 52*a**i - 106*a**2 + 19*a**3. What is g(1)?
19
Let m(s) be the second derivative of 73*s - 1/3*s**3 + 5*s**2 + 0 + 1/20*s**5 - 2/3*s**4. Determine m(8).
-6
Let i(q) = -q**2 + 9*q - 3. Suppose 22*t - 18 = 16*t. Suppose 2*o + t*o - 4*b = 57, -b - 30 = -3*o. Calculate i(o).
-3
Suppose -3*b + 4*x + 2 = 0, -b + 93*x - 89*x = -14. Let o(a) = 10*a + 28. Determine o(b).
-32
Suppose 5*b = 375 - 90. Let o be (-16)/(-6)*b/(-38). Let t(i) = -i**3 - 11*i**2 - 2*i. Let p(r) = -r**2. Let l(w) = 6*p(w) - t(w). What is l(o)?
8
Suppose 61*b = 63*b - 6. Let o(f) = 2 + 4 - 1 - 3 + 4*f - b. Give o(-1).
-5
Let h(a) = -a - 3. Suppose -5*m = -v - m - 76, 0 = 5*v + 5*m + 280. Let l = v + 110. Let q = l - 55. Determine h(q).
2
Let r(d) be the third derivative of d**5/30 + 7*d**4/24 - d**3/3 - 177*d**2. Let w(c) = -22*c + 126. Let p be w(6). Give r(p).
28
Let z(i) = -291*i - 293*i + 64 - 293*i + 1163*i - 283*i. Determine z(-9).
37
Suppose 2 - 37 = -5*v. Suppose 38*u = 35*u + 6. Let m(o) = 9 - 19 + 2*o + u. Give m(v).
6
Let i be 0 + -2*(-1 + 2). Let f(d) be the second derivative of -d**4/4 + d**3/3 - d**2/2 + 2*d - 52. Calculate f(i).
-17
Let b(k) = k**2 - 2*k - 15. Let m(g) = g**2 - 2*g - 24. Let l(h) = 7*b(h) - 5*m(h). Determine l(6).
63
Let c(r) = -7 - 3*r + 4 - 4. Suppose 1 = -2*o + 3*x + 6, 4*x - 10 = 6*o. Calculate c(o).
8
Let u(y) = -5*y**3 - 6*y**2 + 153*y - 137. Let g(n) = n**3 + n**2 - 29*n + 27. Let j(b) = -11*g(b) - 2*u(b). Give j(3).
-2
Let b(n) = -19*n - 60015 - n**2 + 5*n + 60012. What is b(-10)?
37
Let c(h) = h**3 + 5*h**2 - 2. Let a(m) = 4*m + 75. Let q be a(-10). Let y = q - 40. Give c(y).
-2
Let x(o) be the second derivative of 1/30*o**5 - 11*o**2 + 0*o**4 - 26*o - 1/6*o**3 - 1/20*o**6 + 0. Let d(v) be the first derivative of x(v). What is d(-1)?
7
Let l(p) = -3*p**3 + 51*p**2 + 12*p - 120. Let q(g) = -5*g**3 + 79*g**2 + 23*g - 180. Let u(o) = 8*l(o) - 5*q(o). What is u(-14)?
10
Let t(x) = -97*x**2 + 2*x - 1. Let z(c) = 5*c**2 + 140*c + 1. Let i be z(-28). Give t(i).
-96
Let s(v) = -v**2 - 10*v + 37. Let o = -6951 + 6938. Determine s(o).
-2
Let r(l) = 2*l - 15. Suppose -22 = -2*t + 4*v, 5*t + 12*v - 31 = 16*v. Suppose 3 = -2*m + 8*g - 13*g, 0 = -3*m - t*g + 9. What is r(m)?
-3
Let u(g) be the first derivative of 34*g**2 - 320*g - 8651. Calculate u(5).
20
Let z(j) be the third derivative of j**5/30 + 37*j**4/24 - 10*j**3/3 + 348*j**2. Give z(-19).
-1
Let f = -4 - -1. Let c(v) = -v + 1. Let g(x) be the third derivative of -x**4/24 + x**3/3 - 23*x**2. Let l(k) = 10*c(k) - 4*g(k). Determine l(f).
20
Let r be (-1 - 123/(-12)) + 7/(-28). Suppose -r*v - 138 = -15*v. Let y(a) = 58*a - 29*a + 5 - a**2 - v*a. Calculate y(6).
5
Let m(j) = 2*j**2 + 2*j + 13. Let v = -52 - -55. Let q(r) = r**2 + r + 6. Let d(c) = v*m(c) - 7*q(c). Let x(b) = -9*b + 54. Let l be x(6). What is d(l)?
-3
Let j(u) = -114*u + u**3 - 8 + 3 - 11*u**2 - 112*u + 234*u. Give j(10).
-25
Let k(o) = -17*o**3 + 5*o + 27. Let x be k(-3). Let l = x + -466. Let c(r) = -r + 11. Determine c(l).
6
Let o be (14/8)/(-2 - -1 - (-340)/272). Let w(p) = -p**2 + 11*p - 10. Determine w(o).
18
Let n(y) = 22*y**3 + 19*y**2 - 26*y - 123. Let k(w) = -51*w**3 - 38*w**2 + 52*w + 246. Let r(p) = -3*k(p) - 7*n(p). What is r(-20)?
3
Suppose 3*n - 12 = -5*k + 5*n, 0 = 3*n + 3. Let l(s) = s**k - s**3 - 5 + 0*s**3 - 4. Suppose -f = -5, 1532*w - 4*f = 1533*w - 20. Give l(w).
-9
Let m(y) = 3*y**2 - 19. Let o(d) = 31*d**2 - 2*d - 195. Let g(v) = 21*m(v) - 2*o(v). Suppose -4*j - 13 - 15 = x, 0 = 3*x. Determine g(j).
12
Let h(v) = -2*v + 15. Let f(b) = 3*b - 29. Let a be (80/15 + -5)/((-1)/(-15)). Let q(d) = a*h(d) + 3*f(d). Calculate q(-5).
-7
Suppose 0 = 2*h - 1 - 3. Let m(i) = 2 - i + 4*i - h*i. Let c be (2/(16/40))/(55/22). Give m(c).
4
Let v = -6 - -13. Let d(q) = -5*q - 6*q - 137 - 2*q + 14*q + 128. What is d(v)?
-2
Let s(q) = q**3 + 9*q**2 + 6*q - 14. Let j be s(-8). Suppose -16 = -3*f + f. Let z(k) = k**j - 4*k + 21*k - f*k - 9 - 3*k. Calculate z(-7).
-2
Let w(l) = -244*l - 160. Let a(d) = -45*d - 32. Let f(r) = 11*a(r) - 2*w(r). Give f(-15).
73
Let n(s) be the third derivative of -s**4 - 113*s**3/3 + 329*s**2 - 1. What is n(-9)?
-10
Suppose 0 = -k - 5, -2*w = 4*k + 50 - 16. Let i be 1 + (-28)/(-2 + -2). Let t(g) = 2*g**3 - g**3 + g**3 - 5 - i*g - 8*g**2 - 3*g**3. Calculate t(w).
2
Let o(l) = -l**2 - 11*l - 13. Suppose -4*i - g + 15 = -0*i, 0 = 4*i - 3*g - 19. Let m(q) = -q**3 + 3*q**2 + q + 2. Let f be m(i). Give o(f).
-3
Let g(m) be the third derivative of 1/6*m**4 + 0*m + 1/2*m**3 + 159*m**2 + 0. Suppose -5*k - 38 = 4*h - 0*h, -h - 2 = 0. Calculate g(k).
-21
Let n(s) = -8*s**2 - 7*s - 4. Let m(u) = 472*u - 5193. Let i be m(11). Determine n(i).
-5
Let l be -15*(7 + 640/(-100)). Let k(s) = -s**3 - 9*s**2 + 2*s + 11. Determine k(l).
-7
Let m = 21206 + -21215. Let w(j) be the second derivative of j**5/20 + 5*j**4/6 + 4*j**3/3 - 7*j**2/2 - 7*j. Calculate w(m).
2
Let d(t) = -3 + 9*t**2 - t**3 + 19 - 9 + 9*t - 4. Let v(l) = l**3 + 8*l**2 + 6*l + 3. Let c be v(-7). Determine d(c).
-7
Let j(n) = -n**3 + 69*n**2 + 367*n + 245. Let c be j(74). Let l(b) = 7*b - 160. What is l(c)?
1
Let o(f) = 52*f**2 + 31*f - 25. Let y(w) = -3*w**2 - 2*w + 1. Let c(v) = -o(v) - 18*y(v). What is c(-6)?
49
Let t(j) = j**3 - 8*j**2 + j + 4. Suppose -4 = 4*y, -3*y + 2 = 6*d - 7*d. Let r(z) = 2 + 23*z - z**3 - 6*z**2 - 4 + 6*z**2. Let m be r(d). Give t(m).
12
Let k(o) = -6*o - 11. Let a(j) = 6*j + 10. Let g(l) = -2*a(l) - 3*k(l). Let w(s) = -5*s - 12. Let p(c) = -4*g(c) - 5*w(c). Calculate p(-3).
5
Let i be 1/(-13 + 9) - (285/(-12))/(-5). Let g(y) = 76*y + 380. What is g(i)?
0
Let v be ((66/4)/11)/((-9)/(-804)). Let o = v - 138. Let q(d) = -d - 5. Calculate q(o).
-1
Suppose 18 = 6*v - 5*v - 5*p, -18 = 5*v + 2*p. Let l(c) = -4*c + 3*c - 13*c + 12*c + 2 + 3*c. Determine l(v).
0
Let k(j) be the first derivative of 1/4*j**4 - 4/3*j**3 + 23 - j**2 + j. Give k(5).
16
Let r(i) be the second derivative of -i**5/20 - i**4/3 + i**3/3 + 2*i**2 + 541*i. Let h(j) = j - 16. Let w be h(13). Give r(w).
-11
Let n(t) = t**2 - 3*t - 3. Let c = -170 + 161. Let j be (-1)/((c/(-30))/((-24)/20)). Calculate n(j).
1
Let g(r) = 3*r**3 + 17*r**2 - 11*r - 38. Let a(q) = -7*q**3 - 37*q**2 + 22*q + 85. Let l(z) = -2*a(z) - 5*g(z). Determine l(-11).
-101
Let j(g) = -g**3 - 9*g**2 - 7*g + 7. Let m be 81/((-18)/2) + 7 + -2*3. Determine j(m).
-1
Let o(g) = 6 + 2*g - 3*g + 2*g. Let s = -204 - -211. Suppose s*t - 5*t = -5*t. Give o(t).
6
Let m(r) = 2*r. Let y be m(6). Let z(n) = 756 + 13*n - n**2 + 724 - 2241 + 755. Determine z(y).
6
Suppose -j - 5*h = -1, -2*j + 8 = -4*h + 20. Let c(i) = 2 - 3*i + 2*i**2 - 3*i**2 + 0*i**2 + 0*i**2. Determine c(j).
-2
Suppose 982*z - 1008*z = -114 - 42. Let m(r) = r**2 - 16*r + 66. Give m(z).
6
Let n(o) = -o + 6. Let m be n(6). Let q(i) = i - i + 0 + i - 3*i**3 + 4*i**3 + i**2 + 3. Determine q(m).
3
Let u be 3/((7/(-14))/(-9 - (-235)/30)). Let h(g) = -g**3 + 11*g**2 - 18*g + 8. Determine h(u).
78
Suppose 7*u = 3*u - 7*b + 62, -4*b = -24. Let v(d) = -d**3 + 5*d**2 - d - 9. What is v(u)?
-14
Let t(n) be the second derivative of 3*n**4/4 + 7*n**3/6 + 11*n**2/2 + 2039*n. Give t(-3).
71
Let l(y) be the first derivative of y**4/4 + 8*y**3/3 + 19*y**2/2 + 17*y - 1080. What is l(-4)?
5
Let r(l) = -34*l - 715. Let w(c) = -34*c - 748. Let m(v) = -3*r(v) + 2*w(v). Determine m(-19).
3
Let j(k) = 6*k + 1. Let q(d) = -35*d - 18. Let w(i) = 5*j(i) + q(i). What is w(-13)?
52
Suppose 6*h + 3*l - 370 = h, 2*l = 4*h - 274. Let v = h - 51. Let u(j) = v - 6 - 7 - 6 - 12*j. Give u(1).
-11
Suppose 0 = 36*q + 20 - 560. Let r = 8 + -30. Let i = r + 